{"id":19,"date":"2017-03-31T15:50:07","date_gmt":"2017-03-31T15:50:07","guid":{"rendered":"http:\/\/ctmicheloliveira.com.br\/site\/?page_id=19"},"modified":"2018-02-04T00:43:51","modified_gmt":"2018-02-04T04:43:51","slug":"equipe","status":"publish","type":"page","link":"https:\/\/ctmicheloliveira.com.br\/site\/equipe\/","title":{"rendered":"Equipe"},"content":{"rendered":"<p>A equipe de professores do Centro de Treinamento Michel Oliveira possui como caracter\u00edstica b\u00e1sica a proatividade.<\/p>\n<p>Buscamos constantemente em nossas aulas motivar, incentivar e corrigir nossos alunos, para que voc\u00ea fa\u00e7a sempre seus treinos de forma segura.<\/p>\n<p>A seguran\u00e7a \u00e9 princ\u00edpio b\u00e1sico das nossas aulas. Em nossa periodiza\u00e7\u00e3o, ou seja, na prescri\u00e7\u00e3o das atividades o Professor Michel Oliveira busca sempre se basear no princ\u00edpio da progress\u00e3o e regress\u00e3o de intensidade. Para voc\u00ea entender melhor, pense que voc\u00ea se deparou com um exerc\u00edcio que n\u00e3o conseguiu executar da forma padr\u00e3o, \u00e9 nesse momento que a equipe CTMO abordar\u00e1 voc\u00ea para passar um exerc\u00edcio condizente com sua capacidade.<\/p>\n<p>Venha nos conhecer e comprovar que aqui voc\u00ea ter\u00e1 sua individualidade biol\u00f3gica respeitada!<\/p>\n<p>&nbsp;<\/p>\n<p><a class=\"button dark outline\" href=\"http:\/\/ctmicheloliveira.com.br\/site\/trabalhe-conosco\/\" target=\"_blank\" rel=\"noopener\">Trabalhe\u00a0Conosco<\/a><\/p>\n<p>&nbsp;<\/p>\n","protected":false},"excerpt":{"rendered":"<p>A equipe de professores do Centro de Treinamento Michel Oliveira possui como caracter\u00edstica b\u00e1sica a proatividade. Buscamos constantemente em nossas aulas motivar, incentivar e corrigir nossos alunos, para que voc\u00ea fa\u00e7a sempre seus treinos de forma segura. A seguran\u00e7a \u00e9 princ\u00edpio b\u00e1sico das nossas aulas. Em nossa periodiza\u00e7\u00e3o, ou seja, na prescri\u00e7\u00e3o das atividades o &hellip; <\/p>\n<p class=\"link-more\"><a href=\"https:\/\/ctmicheloliveira.com.br\/site\/equipe\/\" class=\"more-link\">Continuar a ler <span class=\"screen-reader-text\">&#8220;Equipe&#8221;<\/span><\/a><\/p>\n","protected":false},"author":1,"featured_media":0,"parent":0,"menu_order":0,"comment_status":"closed","ping_status":"closed","template":"","meta":{"jetpack_post_was_ever_published":false},"yoast_head":"<!-- This site is optimized with the Yoast SEO plugin v19.11 - https:\/\/yoast.com\/wordpress\/plugins\/seo\/ -->\n<title>Equipe -<\/title>\n<meta name=\"robots\" content=\"index, follow, max-snippet:-1, max-image-preview:large, max-video-preview:-1\" \/>\n<link rel=\"canonical\" href=\"https:\/\/ctmicheloliveira.com.br\/site\/equipe\/\" \/>\n<meta property=\"og:locale\" content=\"pt_PT\" \/>\n<meta property=\"og:type\" content=\"article\" \/>\n<meta property=\"og:title\" content=\"Equipe -\" \/>\n<meta property=\"og:description\" content=\"A equipe de professores do Centro de Treinamento Michel Oliveira possui como caracter\u00edstica b\u00e1sica a proatividade. Buscamos constantemente em nossas aulas motivar, incentivar e corrigir nossos alunos, para que voc\u00ea fa\u00e7a sempre seus treinos de forma segura. A seguran\u00e7a \u00e9 princ\u00edpio b\u00e1sico das nossas aulas. Em nossa periodiza\u00e7\u00e3o, ou seja, na prescri\u00e7\u00e3o das atividades o &hellip; Continuar a ler &quot;Equipe&quot;\" \/>\n<meta property=\"og:url\" content=\"https:\/\/ctmicheloliveira.com.br\/site\/equipe\/\" \/>\n<meta property=\"article:publisher\" content=\"https:\/\/www.facebook.com\/ctmicheloliveira\/\" \/>\n<meta property=\"article:modified_time\" content=\"2018-02-04T04:43:51+00:00\" \/>\n<meta name=\"twitter:card\" content=\"summary_large_image\" \/>\n<meta name=\"twitter:label1\" content=\"Tempo estimado de leitura\" \/>\n\t<meta name=\"twitter:data1\" content=\"1 minuto\" \/>\n<script type=\"application\/ld+json\" class=\"yoast-schema-graph\">{\"@context\":\"https:\/\/schema.org\",\"@graph\":[{\"@type\":\"WebPage\",\"@id\":\"https:\/\/ctmicheloliveira.com.br\/site\/equipe\/\",\"url\":\"https:\/\/ctmicheloliveira.com.br\/site\/equipe\/\",\"name\":\"Equipe -\",\"isPartOf\":{\"@id\":\"https:\/\/ctmicheloliveira.com.br\/site\/#website\"},\"datePublished\":\"2017-03-31T15:50:07+00:00\",\"dateModified\":\"2018-02-04T04:43:51+00:00\",\"breadcrumb\":{\"@id\":\"https:\/\/ctmicheloliveira.com.br\/site\/equipe\/#breadcrumb\"},\"inLanguage\":\"pt-PT\",\"potentialAction\":[{\"@type\":\"ReadAction\",\"target\":[\"https:\/\/ctmicheloliveira.com.br\/site\/equipe\/\"]}]},{\"@type\":\"BreadcrumbList\",\"@id\":\"https:\/\/ctmicheloliveira.com.br\/site\/equipe\/#breadcrumb\",\"itemListElement\":[{\"@type\":\"ListItem\",\"position\":1,\"name\":\"In\u00edcio\",\"item\":\"https:\/\/ctmicheloliveira.com.br\/site\/\"},{\"@type\":\"ListItem\",\"position\":2,\"name\":\"Equipe\"}]},{\"@type\":\"WebSite\",\"@id\":\"https:\/\/ctmicheloliveira.com.br\/site\/#website\",\"url\":\"https:\/\/ctmicheloliveira.com.br\/site\/\",\"name\":\"\",\"description\":\"\",\"publisher\":{\"@id\":\"https:\/\/ctmicheloliveira.com.br\/site\/#organization\"},\"potentialAction\":[{\"@type\":\"SearchAction\",\"target\":{\"@type\":\"EntryPoint\",\"urlTemplate\":\"https:\/\/ctmicheloliveira.com.br\/site\/?s={search_term_string}\"},\"query-input\":\"required name=search_term_string\"}],\"inLanguage\":\"pt-PT\"},{\"@type\":\"Organization\",\"@id\":\"https:\/\/ctmicheloliveira.com.br\/site\/#organization\",\"name\":\"Centro de Treinamento Michel Oliveira\",\"url\":\"https:\/\/ctmicheloliveira.com.br\/site\/\",\"logo\":{\"@type\":\"ImageObject\",\"inLanguage\":\"pt-PT\",\"@id\":\"https:\/\/ctmicheloliveira.com.br\/site\/#\/schema\/logo\/image\/\",\"url\":\"https:\/\/i1.wp.com\/ctmicheloliveira.com.br\/site\/wp-content\/uploads\/2017\/03\/caveira2.png?fit=359%2C392\",\"contentUrl\":\"https:\/\/i1.wp.com\/ctmicheloliveira.com.br\/site\/wp-content\/uploads\/2017\/03\/caveira2.png?fit=359%2C392\",\"width\":359,\"height\":392,\"caption\":\"Centro de Treinamento Michel Oliveira\"},\"image\":{\"@id\":\"https:\/\/ctmicheloliveira.com.br\/site\/#\/schema\/logo\/image\/\"},\"sameAs\":[\"https:\/\/www.instagram.com\/ctmicheloliveira\/\",\"https:\/\/www.youtube.com\/channel\/UCyzraqk4XF7T47ZiEa68iug\",\"https:\/\/www.facebook.com\/ctmicheloliveira\/\"]}]}<\/script>\n<!-- \/ Yoast SEO plugin. -->","yoast_head_json":{"title":"Equipe -","robots":{"index":"index","follow":"follow","max-snippet":"max-snippet:-1","max-image-preview":"max-image-preview:large","max-video-preview":"max-video-preview:-1"},"canonical":"https:\/\/ctmicheloliveira.com.br\/site\/equipe\/","og_locale":"pt_PT","og_type":"article","og_title":"Equipe -","og_description":"A equipe de professores do Centro de Treinamento Michel Oliveira possui como caracter\u00edstica b\u00e1sica a proatividade. Buscamos constantemente em nossas aulas motivar, incentivar e corrigir nossos alunos, para que voc\u00ea fa\u00e7a sempre seus treinos de forma segura. A seguran\u00e7a \u00e9 princ\u00edpio b\u00e1sico das nossas aulas. Em nossa periodiza\u00e7\u00e3o, ou seja, na prescri\u00e7\u00e3o das atividades o &hellip; Continuar a ler \"Equipe\"","og_url":"https:\/\/ctmicheloliveira.com.br\/site\/equipe\/","article_publisher":"https:\/\/www.facebook.com\/ctmicheloliveira\/","article_modified_time":"2018-02-04T04:43:51+00:00","twitter_card":"summary_large_image","twitter_misc":{"Tempo estimado de leitura":"1 minuto"},"schema":{"@context":"https:\/\/schema.org","@graph":[{"@type":"WebPage","@id":"https:\/\/ctmicheloliveira.com.br\/site\/equipe\/","url":"https:\/\/ctmicheloliveira.com.br\/site\/equipe\/","name":"Equipe -","isPartOf":{"@id":"https:\/\/ctmicheloliveira.com.br\/site\/#website"},"datePublished":"2017-03-31T15:50:07+00:00","dateModified":"2018-02-04T04:43:51+00:00","breadcrumb":{"@id":"https:\/\/ctmicheloliveira.com.br\/site\/equipe\/#breadcrumb"},"inLanguage":"pt-PT","potentialAction":[{"@type":"ReadAction","target":["https:\/\/ctmicheloliveira.com.br\/site\/equipe\/"]}]},{"@type":"BreadcrumbList","@id":"https:\/\/ctmicheloliveira.com.br\/site\/equipe\/#breadcrumb","itemListElement":[{"@type":"ListItem","position":1,"name":"In\u00edcio","item":"https:\/\/ctmicheloliveira.com.br\/site\/"},{"@type":"ListItem","position":2,"name":"Equipe"}]},{"@type":"WebSite","@id":"https:\/\/ctmicheloliveira.com.br\/site\/#website","url":"https:\/\/ctmicheloliveira.com.br\/site\/","name":"","description":"","publisher":{"@id":"https:\/\/ctmicheloliveira.com.br\/site\/#organization"},"potentialAction":[{"@type":"SearchAction","target":{"@type":"EntryPoint","urlTemplate":"https:\/\/ctmicheloliveira.com.br\/site\/?s={search_term_string}"},"query-input":"required name=search_term_string"}],"inLanguage":"pt-PT"},{"@type":"Organization","@id":"https:\/\/ctmicheloliveira.com.br\/site\/#organization","name":"Centro de Treinamento Michel Oliveira","url":"https:\/\/ctmicheloliveira.com.br\/site\/","logo":{"@type":"ImageObject","inLanguage":"pt-PT","@id":"https:\/\/ctmicheloliveira.com.br\/site\/#\/schema\/logo\/image\/","url":"https:\/\/i1.wp.com\/ctmicheloliveira.com.br\/site\/wp-content\/uploads\/2017\/03\/caveira2.png?fit=359%2C392","contentUrl":"https:\/\/i1.wp.com\/ctmicheloliveira.com.br\/site\/wp-content\/uploads\/2017\/03\/caveira2.png?fit=359%2C392","width":359,"height":392,"caption":"Centro de Treinamento Michel Oliveira"},"image":{"@id":"https:\/\/ctmicheloliveira.com.br\/site\/#\/schema\/logo\/image\/"},"sameAs":["https:\/\/www.instagram.com\/ctmicheloliveira\/","https:\/\/www.youtube.com\/channel\/UCyzraqk4XF7T47ZiEa68iug","https:\/\/www.facebook.com\/ctmicheloliveira\/"]}]}},"jetpack_sharing_enabled":true,"jetpack_shortlink":"https:\/\/wp.me\/P8zFvy-j","jetpack-related-posts":[{"id":1150,"url":"https:\/\/ctmicheloliveira.com.br\/site\/adeus-sedentarismo\/","url_meta":{"origin":19,"position":0},"title":"Diga Adeus ao Sedentarismo","date":"Mar\u00e7o 22, 2021","format":false,"excerpt":"100% GRATUITO E 100% ONLINE SEDENT\u00c1RIA NUNCA MAIS Como mulheres que passaram dos 30 est\u00e3o redescobrindo uma nova fase na vida, alcan\u00e7ando a sa\u00fade, a disposi\u00e7\u00e3o e o corpo que merecem. EU QUERO SAIR DO SEDENTARISMO! 100% GRATUITO E 100% ONLINE SEDENT\u00c1RIA NUNCA MAIS Como mulheres que passaram dos 30\u2026","rel":"","context":"Similar post","img":{"alt_text":"","src":"https:\/\/i0.wp.com\/ctmicheloliveira.com.br\/site\/wp-content\/uploads\/2018\/10\/cropped-WhatsApp-Image-2018-10-12-at-13.11.29-1024x615.jpeg?resize=350%2C200","width":350,"height":200},"classes":[]},{"id":732,"url":"https:\/\/ctmicheloliveira.com.br\/site\/produtos\/","url_meta":{"origin":19,"position":1},"title":"Produtos","date":"Abril 20, 2019","format":false,"excerpt":"Eu sou o professor e Coach Michel Oliveira, ministro aula a 15 anos e trabalho especificamente com emagrecimento. J\u00e1 tenho mais de 1000 alunos que alcan\u00e7aram seus objetivos de forma presencial, agora \u00e9 a vez de levar este m\u00e9todo para voc\u00ea, em qualquer lugar do Brasil. Esse \u00e9 o m\u00e9todo\u2026","rel":"","context":"Similar post","img":{"alt_text":"","src":"","width":0,"height":0},"classes":[]},{"id":1055,"url":"https:\/\/ctmicheloliveira.com.br\/site\/funcional-1945g\/","url_meta":{"origin":19,"position":2},"title":"Funcional 19:45 &#8211; G","date":"Mar\u00e7o 8, 2021","format":false,"excerpt":"Funcional 19:45 SEDENTARISMO NUNCA MAIS Descubra como mulheres que passaram dos 30 sa\u00edram do sedentarismo e alcan\u00e7aram o corpo, a disposi\u00e7\u00e3o e a sa\u00fade que merecem. EU QUERO PARTICIPAR Quem sou eu: Michel Oliveira Meu nome \u00e9 Michel Oliveira, fundador do Centro de Treinamento F\u00edsico Michel Oliveira, aqui em Manaus.H\u00e1\u2026","rel":"","context":"Similar post","img":{"alt_text":"","src":"https:\/\/i0.wp.com\/ctmicheloliveira.com.br\/site\/wp-content\/uploads\/2018\/10\/cropped-WhatsApp-Image-2018-10-12-at-13.11.29-1024x615.jpeg?resize=350%2C200","width":350,"height":200},"classes":[]},{"id":1451,"url":"https:\/\/ctmicheloliveira.com.br\/site\/operacao-libido\/","url_meta":{"origin":19,"position":3},"title":"Opera\u00e7\u00e3o Libido","date":"Abril 26, 2021","format":false,"excerpt":"EVENTO 100% ONLINE E SECRETO Opera\u00e7\u00e3o Libido Recupere sua autoestima sexual, seja desejada e acabe com a vergonha da luz acesa... literalmente!!! EU QUERO RECUPERAR MINHA AUTO ESTIMA SEXUAL O Desafio Opera\u00e7\u00e3o Libido \u00e9 para mulheres que... \u2026 est\u00e3o insatisfeitas com o seu corpo atual e desejam voltar a se\u2026","rel":"","context":"Similar post","img":{"alt_text":"","src":"https:\/\/i0.wp.com\/ctmicheloliveira.com.br\/site\/wp-content\/uploads\/2021\/05\/1.jpg?fit=900%2C900&ssl=1&resize=350%2C200","width":350,"height":200},"classes":[]},{"id":23,"url":"https:\/\/ctmicheloliveira.com.br\/site\/sobre-nos\/","url_meta":{"origin":19,"position":4},"title":"Sobre N\u00f3s","date":"Mar\u00e7o 31, 2017","format":false,"excerpt":"\u00a0 Michel Oliveira \u00e9 formado em Educa\u00e7\u00e3o F\u00edsica, atuando na \u00e1rea do Treinamento Funcional desde 2009. Foi atleta por anos e serviu para somar na sua experi\u00eancia na atividade f\u00edsica. Al\u00e9m disso, serviu no Ex\u00e9rcito Brasileiro, no N.P.O.R (N\u00facleo de Prepara\u00e7\u00e3o de Oficiais da Reserva). Lais Oliveira atua na \u00e1rea\u2026","rel":"","context":"Similar post","img":{"alt_text":"","src":"","width":0,"height":0},"classes":[]},{"id":460,"url":"https:\/\/ctmicheloliveira.com.br\/site\/inscricao-palestra\/","url_meta":{"origin":19,"position":5},"title":"Inscri\u00e7\u00e3o Palestra","date":"Fevereiro 14, 2018","format":false,"excerpt":"\u00a0 Preencha o formul\u00e1rio abaixo e garanta j\u00e1 sua vaga pois s\u00e3o LIMITADAS. \u00a0 \u00a0","rel":"","context":"Similar post","img":{"alt_text":"","src":"","width":0,"height":0},"classes":[]}],"_links":{"self":[{"href":"https:\/\/ctmicheloliveira.com.br\/site\/wp-json\/wp\/v2\/pages\/19"}],"collection":[{"href":"https:\/\/ctmicheloliveira.com.br\/site\/wp-json\/wp\/v2\/pages"}],"about":[{"href":"https:\/\/ctmicheloliveira.com.br\/site\/wp-json\/wp\/v2\/types\/page"}],"author":[{"embeddable":true,"href":"https:\/\/ctmicheloliveira.com.br\/site\/wp-json\/wp\/v2\/users\/1"}],"replies":[{"embeddable":true,"href":"https:\/\/ctmicheloliveira.com.br\/site\/wp-json\/wp\/v2\/comments?post=19"}],"version-history":[{"count":8,"href":"https:\/\/ctmicheloliveira.com.br\/site\/wp-json\/wp\/v2\/pages\/19\/revisions"}],"predecessor-version":[{"id":451,"href":"https:\/\/ctmicheloliveira.com.br\/site\/wp-json\/wp\/v2\/pages\/19\/revisions\/451"}],"wp:attachment":[{"href":"https:\/\/ctmicheloliveira.com.br\/site\/wp-json\/wp\/v2\/media?parent=19"}],"curies":[{"name":"wp","href":"https:\/\/api.w.org\/{rel}","templated":true}]}}